9*c + 10 - 127*c. Calculate w(0).
10
Let c(u) be the second derivative of -u**4/12 + u**3/3 + 3*u**2 - 16*u + 2. What is c(7)?
-29
Suppose 0 = 20*u - 25*u + 30. Let w(q) = -u + 23 - 2*q - 17. Calculate w(0).
0
Let d = -10651 + 10650. Let i(z) = 148*z + 154. What is i(d)?
6
Let a(q) = -q**2 - 12*q - 5. Suppose -r + 43 = 12*w - 7*w, 0 = 3*r - 2*w - 197. Suppose 5*d + 0*x + 4*x = -r, -5*d + 5*x - 45 = 0. Calculate a(d).
6
Let y(g) = -8*g + 2. Let l(n) = -42*n + 12. Let b(s) = 2*l(s) - 11*y(s). Let u = 3 + 3. Give b(u).
26
Suppose v + 19 = k, 2*k - 27*v + 23*v - 64 = 0. Let g(o) = 3 - 8*o + 2 - 3. What is g(k)?
-46
Let j = 550 + -548. Let l(b) = 32 + b**j + 28 - 81 + 23. Give l(-2).
6
Let y(j) = 6*j - 41. Let p(d) = -d + 5. Let t(f) = -5*p(f) - y(f). Calculate t(0).
16
Let p(n) be the third derivative of 1/24*n**4 + 1/120*n**6 + 0 - 5*n**2 + 0*n + 1/3*n**3 + 1/60*n**5. Let o(a) = 202*a + 606. Let b be o(-3). Determine p(b).
2
Let u(f) = -3*f + 32. Let c = -1073 + 1083. What is u(c)?
2
Suppose 3*a - 3*u = -27, -15 = 3*a + 2*u + 17. Let j(i) = 4*i + 49. What is j(a)?
9
Let t(s) = 11*s + 358. Let o be (-24)/(7 + -1)*8. Let n be t(o). Let v(r) = r**3 - 7*r**2 - 4. Calculate v(n).
-40
Let k be 6*((-9)/(-2))/(4 + -1). Let o(j) = 9*j**2 + 9*j**3 + k*j**3 + 5*j**2 - 23*j**3 - 13*j**2. Let z be (-1 - 1)*2/(-4). Calculate o(z).
-4
Let j(w) = 31*w + 21. Let x(t) = 15*t + 12. Let n(v) = -3*j(v) + 5*x(v). Give n(-3).
51
Let p(d) = -2*d**3 - 10*d**2 + 280*d + 1125. Let x be p(-4). Let j(u) = u**2 + 26*u - 31. Give j(x).
-4
Let z(l) be the first derivative of -5*l**2/2 - 29*l - 434. Determine z(-14).
41
Let t(x) be the third derivative of -2/3*x**3 - 1/5*x**5 - 20 + 1/120*x**6 + x**2 + 0*x + 11/24*x**4. Determine t(11).
-4
Let w(c) = 104*c**2 - 59*c**2 - 47*c**2 + 2*c - 19. Let u(d) = -d**2 - 17. Let b(a) = 3*u(a) - 2*w(a). Give b(6).
-1
Let d(n) = -5*n**2 + 2*n + 6. Let h = -6196 - -6198. Calculate d(h).
-10
Let o(q) = -q**3 - 23 + 3 - 27*q**2 - 23*q**2 - 395*q + 396*q + 51*q**2. Calculate o(0).
-20
Let b(h) = h**2 - 42*h + 276. Let g be b(34). Let r(v) be the third derivative of -29*v**2 + 0 - 1/20*v**5 + 0*v - 1/3*v**3 + 1/8*v**g. Determine r(2).
-8
Let o(i) be the third derivative of 7*i**5/20 - i**4/4 - 5*i**3/6 - 79*i**2. Let r(c) = -18*c**2 + 5*c + 4. Let u(b) = -4*o(b) - 5*r(b). Calculate u(1).
5
Let a(t) = -69*t**2 + 29*t + 148. Let k(m) = -55*m**2 + 32*m + 149. Let q(n) = 4*a(n) - 5*k(n). What is q(-4)?
7
Let g(c) = -c + 8. Let f(r) = -11. Let a(k) = 3*f(k) + 4*g(k). Let u be ((-10)/(-15))/(1/(-3)). Give a(u).
7
Let v(t) = 30 + 4228*t + 13 - 4230*t - 5. Give v(18).
2
Let k(r) = -110*r - 4. Let m(c) = 141*c + 5. Let y(z) = 9*k(z) + 7*m(z). Determine y(-3).
8
Let z be 2/(-3) + 2156/147. Suppose 2*u = -z*u - 32. Let g(k) = -2*k. Give g(u).
4
Let k = 14 + -10. Let h(u) = 2*u**3 + 3*u - 4. Let i(r) = -3*r**3 - r**2 - 6*r + 7. Suppose -150*q + 27 = -141*q. Let w(t) = q*i(t) + 5*h(t). Give w(k).
5
Let k(z) = z**3 + 22*z**2 + 20*z + 3. Let l(x) = 199*x - 2608. Let c be l(13). Give k(c).
24
Let k(j) = j**3 - 7*j**2 - j + 10. Suppose -45 = -5*m + 5*b, -539*m - 2*b = -538*m - 3. What is k(m)?
3
Let k(b) = 3*b**3 + 12*b**2 + 6. Let o be (-1322 - -1317)*((0 - 0) + -2)/(-2). What is k(o)?
-69
Suppose 5*c - 3 = -18. Let w be (-468)/54 + 4/c + 2. Let j(o) = -o**3 - 7*o**2 + 7*o + 1. What is j(w)?
9
Let o(h) be the third derivative of -h**5/30 + h**4/4 + 7*h**3/6 - 1230*h**2. Calculate o(5).
-13
Let u(l) = -l**3 + 2*l**2 + 3*l. Let g be 34/(-12) + (-2 - 165/(-90)). Calculate u(g).
36
Let t(d) = -914 - 11*d - 865 + 1553. Calculate t(-21).
5
Let x = -961/4 - -963/4. Let s(h) be the first derivative of -x*h**2 + 12*h - 3. What is s(7)?
5
Let c(j) = -j - 10. Let u(v) = -v - 5. Let m(a) = 3*c(a) - 5*u(a). Suppose 0 = 111*g - 668 + 890. Determine m(g).
-9
Suppose -11 = -2*b + 3. Let r(j) be the first derivative of j**3/3 - 3*j**2 - 3*j - 37360. Give r(b).
4
Let w(i) be the second derivative of i**5/20 + 5*i**4/12 - 3*i**3/2 + 4*i**2 - 80*i - 10. Determine w(-6).
26
Suppose -11*k + 8*k + 9 = 0. Suppose -20 = -k*q - 4*c, -q - 3*q - 2*c + 30 = 0. Suppose q = -6*x + 2*x. Let p(z) = 2*z - 2. Calculate p(x).
-6
Let c(r) = 2*r**3 + 25*r**2 - 20*r - 207. Let z be c(-13). Suppose 3*p - 40 = 302. Let f = z + p. Let a(d) = -d**3 + d**2 + 3*d + 1. What is a(f)?
7
Suppose 3*z - 2*l = 215 - 233, z - 2*l = -10. Let b(p) = 3*p - 4*p - 2 - p + 4. Give b(z).
10
Let c(h) = h**2 - 84*h + 326. Let f be ((-12)/21)/(108/(-756)). Calculate c(f).
6
Let g be (-4)/10 - (-84)/(-15). Let l(t) = -t**2 + 13*t + 9. Let r(h) = 2*h + 2. Let n(p) = -l(p) + 6*r(p). What is n(g)?
45
Let y(d) be the second derivative of 9*d**3/2 + 5*d**2/2 + 1921*d. Give y(-4).
-103
Let g(h) = 3*h**3 + 5*h**2 - 6*h. Let d be g(1). Let c = -23 - -33. Let l(i) = 12*i**2 - c*i**2 - 3*i**2 + i + d*i - 2. What is l(2)?
0
Let w(i) = 42*i**2 - 61*i - 20. Let f(j) = 23*j**2 - 31*j - 10. Let u(p) = 11*f(p) - 6*w(p). What is u(-25)?
10
Let y(v) be the third derivative of v**4/24 - 13*v**3/6 - 10*v**2 + 2*v. Let x(g) = -3. Suppose -3*u = -4*u + 9. Let p(l) = u*x(l) - 2*y(l). What is p(-2)?
3
Let q(c) = 3 - 22*c - 2*c + 25*c + 7 + 2. Determine q(5).
17
Let f(w) be the second derivative of -w**4/4 + w**3/2 + 27*w**2/2 + 1573*w. Determine f(4).
-9
Let q(o) = -4*o - 24. Let v be q(-8). Suppose 14*b - 18*b + v = 0. Let n(a) = -3*a**2 - 8*a - 2 + 2*a + b*a + 0*a. Give n(-2).
-6
Let r(m) = -2*m**2 - 24*m + 221. Suppose -180*t - 32 = 11*t - 1178. What is r(t)?
5
Let k(s) = 15*s - 222. Let f(i) = -12*i + 199. Let j(v) = 7*f(v) + 6*k(v). What is j(-9)?
7
Let y(s) = 19 + 24*s**2 - 4 + 36*s**3 + 32*s**3 - 5*s - 65*s**3 + 8*s. Let k be y(-8). Let v(g) = -g - 6. Give v(k).
3
Let s(h) = -2*h - 20. Let b be s(-10). Suppose b = 5*y + 2*u - 25, 0 = -y - 3*y + u + 33. Let z(o) = -6 + 49*o**2 + o**3 + 5*o + 2*o - 57*o**2. Give z(y).
-6
Let x(k) be the second derivative of -1/20*k**5 + 8*k**2 - 11/6*k**3 + 2 + 3/4*k**4 - 52*k. What is x(8)?
-8
Suppose a = 4*q - 4*a - 35, 0 = -5*q - 5*a + 10. Let c(w) = q - 15 + 7 + 4*w. Let g(u) = -u**2 - 13*u - 34. Let n be g(-4). Calculate c(n).
5
Suppose -4*p + 0*p - 3*n = -416, -n + 312 = 3*p. Let m(c) = -6 + p*c + 108*c - 316*c + 105*c. Let k = 18 + -11. What is m(k)?
1
Let f(h) = -2*h**3 + h**2 + 3*h + 11. Let n(s) = -3*s**3 + 4*s + 10. Let w(g) = 4*f(g) - 3*n(g). What is w(-5)?
-11
Let s(b) = 8*b - 110. Let c be s(14). Let h(i) = 5*i + 6. Let t be (3/2)/(9/30). Let q(j) = 4*j + 5. Let p(m) = t*h(m) - 6*q(m). What is p(c)?
2
Let t(l) be the second derivative of -5*l**3/6 + l**2/2 - 2*l + 16. What is t(-7)?
36
Suppose -19*j + 36 = -13*j. Let a(k) be the first derivative of -k**3/3 + 5*k**2/2 - 2*k - 1. Calculate a(j).
-8
Let v(q) = -45*q - 5. Let x(w) = -21*w - 2. Let d(f) = -6*v(f) + 13*x(f). Calculate d(-3).
13
Let o(p) = 7*p**3 + 30*p**2 + 54*p + 32. Let q(c) = 19*c**3 + 90*c**2 + 163*c + 95. Let d(h) = 8*o(h) - 3*q(h). Calculate d(-28).
-1
Suppose 1 - 5 = -2*i. Let v(d) = -3*d**2 + 4*d**i - 1 + 4 + 10*d. Let r be (-1 + 4 - 23) + 13. What is v(r)?
-18
Suppose c - 33*c = 60 + 36. Let a(j) = -3*j**3 - j**2 - 8*j - 3. Determine a(c).
93
Let i(d) be the third derivative of d**4/24 - 2*d**3/3 - 13*d**2. Let t(x) = x**2 + 17*x + 10. Let o be t(-18). Let c be (o/42)/((-2)/30*-2). Calculate i(c).
1
Let x(g) = -6*g + 1. Suppose z - 6*z = 5*m - 5, -4*z - m + 7 = 0. Suppose z*y - y = -12. Let d be y/(-8)*(-3 + (-44)/(-12)). Determine x(d).
-5
Let n(o) = o**2 + 33*o + 99. Suppose 0 = -174*f - 72*f - 7380. Determine n(f).
9
Let d(q) = 2 + 6*q + 15 - 5*q - 1. Let x(j) = 0 + j + 7 + 8. Let t(o) = 5*d(o) - 6*x(o). Calculate t(0).
-10
Let l be 2*(13 + 3) + -2. Suppose 12*c + 18*c + l = 0. Let n(u) = u - 4 + 5 + 0*u**2 - 12*u**2. What is n(c)?
-12
Let w be 4 - (-3)/(-9)*0. Suppose w*u - 3*p = -36 + 6, -5*p = -u - 16. Let v be -2 + (-15)/u + 1/2. Let f(o) = 3*o - 1. Determine f(v).
2
Let y be 8/(-14) - (-88)/7. Let n be (-1)/(-6) - (-46)/y. Suppose -4*w + 0 = -n. Let k(z) = -8*z + 1. Give k(w).
-7
Suppose 2*s = 4*s + 6. Let z(y) = 4*y - 3. Let l(c) = -c**2 + 9*c - 8. Suppose 24 = -8*w + 40. Let i(m) = w*l(m) - 5*z(m). Calculate i(s).
-13
Let l(v) = 18*v**3 + 9*v + 29 - 3*v**2 - 20 - 13 - 17*v**3. Calculate l(3).
23
Let x(v) be the s